{"id":11362,"date":"2023-04-10T17:32:58","date_gmt":"2023-04-10T17:32:58","guid":{"rendered":"https:\/\/modale.com\/product\/zenitlarge-showcase\/"},"modified":"2023-09-29T06:25:35","modified_gmt":"2023-09-29T06:25:35","slug":"zenitlarge-showcase","status":"publish","type":"product","link":"https:\/\/modale.com\/vi\/product\/zenitlarge-showcase\/","title":{"rendered":"<strong>PACHECO&#8217;S <\/strong><br>T\u1ee6 TR\u01afNG B\u00c0Y L\u1edaN ZENIT"},"content":{"rendered":"<p>T\u1ee6 TR\u01afNG B\u00c0Y ZENIT M\u00c0U TR\u1eaeNG V\u1edaI C\u00c1C CHI TI\u1ebeT M\u00c0U V\u00c0NG, C\u00d9NG KH\u00d4NG GIAN CH\u1ee8A \u0110\u1ed2 R\u1ed8NG R\u00c3I.<\/p>\n","protected":false},"excerpt":{"rendered":"<p>T\u1ee6 TR\u01afNG B\u00c0Y ZENIT M\u00c0U TR\u1eaeNG V\u1edaI C\u00c1C CHI TI\u1ebeT M\u00c0U V\u00c0NG, C\u00d9NG KH\u00d4NG GIAN CH\u1ee8A \u0110\u1ed2 R\u1ed8NG R\u00c3I.<\/p>\n","protected":false},"featured_media":9082,"template":"","meta":[],"product_cat":[729],"product_tag":[703],"origin":[770],"designers":[],"collection":[395],"brands":[115],"class_list":{"0":"post-11362","1":"product","2":"type-product","3":"status-publish","4":"has-post-thumbnail","6":"product_cat-cabinets-vi","7":"product_tag-living-vi-2","8":"origin-european","9":"collection-zenit","10":"brands-pachecos","12":"first","13":"instock","14":"shipping-taxable","15":"purchasable","16":"product-type-simple"},"_links":{"self":[{"href":"https:\/\/modale.com\/vi\/wp-json\/wp\/v2\/product\/11362","targetHints":{"allow":["GET"]}}],"collection":[{"href":"https:\/\/modale.com\/vi\/wp-json\/wp\/v2\/product"}],"about":[{"href":"https:\/\/modale.com\/vi\/wp-json\/wp\/v2\/types\/product"}],"wp:featuredmedia":[{"embeddable":true,"href":"https:\/\/modale.com\/vi\/wp-json\/wp\/v2\/media\/9082"}],"wp:attachment":[{"href":"https:\/\/modale.com\/vi\/wp-json\/wp\/v2\/media?parent=11362"}],"wp:term":[{"taxonomy":"product_cat","embeddable":true,"href":"https:\/\/modale.com\/vi\/wp-json\/wp\/v2\/product_cat?post=11362"},{"taxonomy":"product_tag","embeddable":true,"href":"https:\/\/modale.com\/vi\/wp-json\/wp\/v2\/product_tag?post=11362"},{"taxonomy":"origin","embeddable":true,"href":"https:\/\/modale.com\/vi\/wp-json\/wp\/v2\/origin?post=11362"},{"taxonomy":"designers","embeddable":true,"href":"https:\/\/modale.com\/vi\/wp-json\/wp\/v2\/designers?post=11362"},{"taxonomy":"collection","embeddable":true,"href":"https:\/\/modale.com\/vi\/wp-json\/wp\/v2\/collection?post=11362"},{"taxonomy":"brands","embeddable":true,"href":"https:\/\/modale.com\/vi\/wp-json\/wp\/v2\/brands?post=11362"}],"curies":[{"name":"wp","href":"https:\/\/api.w.org\/{rel}","templated":true}]}}

<strong>PACHECO&#8217;S </strong><br>TỦ TRƯNG BÀY LỚN ZENIT

<p>TỦ TRƯNG BÀY ZENIT MÀU TRẮNG VỚI CÁC CHI TIẾT MÀU VÀNG, CÙNG KHÔNG GIAN CHỨA ĐỒ RỘNG RÃI.</p>
